?
131
In base 16, what is 3fb + -5?
3f6
In base 10, what is 11477 - -4?
11481
In base 8, what is -2 + 127?
125
In base 5, what is 14 - 1044?
-1030
In base 2, what is -1 - -11111000?
11110111
In base 15, what is -45 - 12?
-57
In base 10, what is 2122 + 5?
2127
In base 12, what is 170 + -2?
16a
In base 8, what is -5 + -55?
-62
In base 3, what is 112 - 11?
101
In base 14, what is -126 - -9?
-11b
In base 5, what is 0 + -24343?
-24343
In base 10, what is 46072 + 2?
46074
In base 3, what is -1 + -112?
-120
In base 3, what is 1001 + -102?
122
In base 2, what is 11010 + -110?
10100
In base 6, what is 1 - -22?
23
In base 2, what is 11100 + -100101?
-1001
In base 15, what is 187 + 4?
18b
In base 13, what is 31 - -69?
9a
In base 10, what is 44 + 3?
47
In base 10, what is 5 - 1211?
-1206
In base 10, what is 54 - 0?
54
In base 6, what is 31 - -3244?
3315
In base 6, what is -200 + -20?
-220
In base 8, what is -5 + -3645?
-3652
In base 11, what is -14 - -4?
-10
In base 5, what is -4 + 420?
411
In base 13, what is a - -213?
220
In base 11, what is -34 - -19?
-16
In base 4, what is 2 + 10033?
10101
In base 15, what is 2a1 + -2?
29e
In base 6, what is -50 - 322?
-412
In base 14, what is 57 - 107?
-90
In base 14, what is 5 + -33?
-2c
In base 9, what is 3 + -64?
-61
In base 9, what is -5867 - -2?
-5865
In base 3, what is -112100 + -1012?
-120112
In base 6, what is -5 - 55345?
-55354
In base 4, what is 0 - 100023?
-100023
In base 13, what is -14 - -414?
400
In base 15, what is 3 + -109?
-106
In base 7, what is 10 + -204?
-164
In base 5, what is -2 - -12?
10
In base 12, what is 3 + -221?
-21a
In base 4, what is 12 + 11?
23
In base 9, what is 6468 + 1?
6470
In base 10, what is -20 - -13?
-7
In base 6, what is 142 - -53?
235
In base 13, what is 18 - 68?
-50
In base 10, what is -458 + 54?
-404
In base 9, what is 2 - -15?
17
In base 10, what is 4 + 49?
53
In base 5, what is -241 - -20?
-221
In base 4, what is -12 - 3101?
-3113
In base 8, what is -2 - 12?
-14
In base 12, what is -24 - 1b?
-43
In base 8, what is 7 + -23?
-14
In base 10, what is -214 + -2?
-216
In base 7, what is -600 - -3?
-564
In base 2, what is 1001110 + 10100?
1100010
In base 13, what is 6c9 + -4?
6c5
In base 9, what is 148 + -46?
102
In base 2, what is -10000010 + -10011?
-10010101
In base 5, what is 14132 + -2?
14130
In base 10, what is -1110 - 4?
-1114
In base 8, what is -23 - -1?
-22
In base 5, what is -2322 - 4?
-2331
In base 14, what is -4 + 29?
25
In base 9, what is 4 + 2015?
2020
In base 4, what is 12 + 12?
30
In base 13, what is 4 - -11?
15
In base 5, what is 1 - 304?
-303
In base 13, what is -8 + 16?
b
In base 9, what is 17 + 27?
45
In base 8, what is 105 + 4?
111
In base 8, what is -3 - -1005?
1002
In base 13, what is -5 + 1?
-4
In base 9, what is -66 + 23?
-43
In base 8, what is -1 - -62?
61
In base 12, what is 10 - -6?
16
In base 10, what is -15 - -20?
5
In base 12, what is 127 + 6?
131
In base 11, what is -2645 + -4?
-2649
In base 7, what is -1 + -26?
-30
In base 8, what is 1 - 576?
-575
In base 12, what is -3 + 14?
11
In base 15, what is 1 - -56?
57
In base 8, what is 16 + 15?
33
In base 16, what is 1c + 12?
2e
In base 15, what is -968 + 2?
-966
In base 6, what is 35 - -255?
334
In base 10, what is -3 - -4695?
4692
In base 8, what is -624 + -4?
-630
In base 6, what is 2101 + 21?
2122
In base 9, what is -132 - -2?
-130
In base 3, what is -11 - -120212?
120201
In base 3, what is -200111 + -10?
-200121
In base 2, what is 10011010 + -10?
10011000
In base 5, what is 2 + -132?
-130
In base 15, what is -24 + d?
-16
In base 11, what is 0 + aa?
aa
In base 12, what is 3 + 43?
46
In base 4, what is 11 + -1022?
-1011
In base 13, what is -3 - 30?
-33
In base 13, what is -28 - -3?
-25
In base 3, what is 10021120 - -10?
10021200
In base 4, what is 103 - 221?
-112
In base 11, what is 1 - 193?
-192
In base 11, what is -49 - 16?
-64
In base 8, what is -1 + 1620?
1617
In base 5, what is -1 + 20?
14
In base 2, what is 0 - 111010?
-111010
In base 11, what is -1668 + 2?
-1666
In base 15, what is 504 + -2?
502
In base 14, what is -79 + 3?
-76
In base 15, what is 4 + -376?
-372
In base 13, what is b - -31?
3c
In base 14, what is -6 + 27c?
276
In base 13, what is -2 - 2462?
-2464
In base 11, what is -4a + 5?
-45
In base 4, what is 10 + -1322?
-1312
In base 7, what is 5 - -56?
64
In base 13, what is 42 + 3?
45
In base 16, what is -22a - -4?
-226
In base 5, what is -1320334 + 0?
-1320334
In base 5, what is 40132 - 11?
40121
In base 7, what is 362 - 5?
354
In base 7, what is 1330 - -3?
1333
In base 9, what is -28 + -17?
-46
In base 4, what is -12303 + 22?
-12221
In base 13, what is -49 - 0?
-49
In base 5, what is -410 + -4?
-414
In base 9, what is -10 + -10?
-20
In base 6, what is 44 - -113?
201
In base 12, what is 4 + -139?
-135
In base 6, what is 3 - -1014?
1021
In base 8, what is -155 + -114?
-271
In base 14, what is 4 + -3c?
-38
In base 7, what is -6 - -6135?
6126
In base 6, what is 21153 + -5?
21144
In base 12, what is 12 + -3b?
-29
In base 14, what is 2 + b21?
b23
In base 3, what is -12 + 221?
202
In base 7, what is 631 - -13?
644
In base 8, what is 2 - -710?
712
In base 3, what is -21 - 2001120?
-2001211
In base 12, what is 20 + 18?
38
In base 3, what is 20 + -211?
-121
In base 13, what is -6c - 0?
-6c
In base 13, what is -81a - 3?
-820
In base 12, what is -31 - 55?
-86
In base 10, what is -2 + -376?
-378
In base 10, what is -12 - -763?
751
In base 9, what is -30 + 0?
-30
In base 4, what is -33 + -13?
-112
In base 12, what is 3 - -100?
103
In base 16, what is 4 + -cd?
-c9
In base 8, what is 0 + -1024?
-1024
In base 11, what is -40 + 13?
-28
In base 2, what is 10 + -1001101?
-1001011
In base 6, what is 11 + -2125?
-2114
In base 11, what is -383 + -2?
-385
In base 8, what is -50 - -12?
-36
In base 12, what is -88 + 17?
-71
In base 4, what is 1 + 32210?
32211
In base 10, what is 636 - -2?
638
In base 12, what is -2 + 2b4?
2b2
In base 13, what is -11 + 12?
1
In base 3, what is -202 + -11011?
-11220
In base 15, what is -36 + 0?
-36
In base 14, what is -8 - 16d?
-177
In base 2, what is -1000000101 - -1000?
-111111101
In base 11, what is -4 - -a?
6
In base 6, what is -53 + 110?
13
In base 12, what is 61 + 3a?
9b
In base 5, what is -1134 + -10?
-1144
In base 9, what is -82 - 5?
-87
In base 6, what is 1 + 1510?
1511
In base 5, what is 3 + -113?
-110
In base 14, what is 3 + 8a?
8d
In base 14, what is 11 - -1a9?
1ba
In base 16, what is -5 - -12d?
128
In base 7, what is -1063 + 2?
-1061
In base 7, what is -1161 + -4?
-1165
In base 3, what is 221 - -10?
1001
In base 11, what is 1 - -80?
81
In base 6, what is 5 - 2?
3
In base 5, what is 2 - 1041?
-1034
In base 16, what is 50a - 14?
4f6
In base 13, what is 5 - 1685?
-1680
In base 10, what is 2 - -716?
718
In base 10, what is -4 + 39?
35
In base 15, what is -126 + 2?
-124
In base 12, what is 1434 - -1?
1435
In base 8, what is -17362 - 1?
-17363
In base 9, what is 4 - 7?
-3
In base 5, what is -10 + 31?
21
In base 4, what is -13300 - 0?
-13300
In base 12, what is -b3a6 - 1?
-b3a7
In base 7, what is -41660 + 2?
-41655
In base 3, what is -21 - -10012121?
10012100
In base 13, what is -2 + -c?
-11
In base 16, what is 26 + 11?
37
In base 6, what is 110 - 112?
-2
In base 10, what is 5 + -8?
-3
In base 7, what is -645 - -1?
-644
In base 6, what is -2 - -341?
335
In base 10, what is 4 + 10?
14
In base 14, what is -2 - 1ca?
-1cc
In base 7, what is 0 - 31?
-31
In base 2, what is 101 - 1010?
-101
In base 2, what is 111 + -111000?
-110001
In base 8, what is -140 + -162?
-322
In base 2, what is 11 + -10110?
-10011
In base 15, what is 2 + -24?
-22
In base 4, what is 111 + 212?
323
In base 5, what is 134 + 3?
142
In base 4, what is 10322222 - 11?
10322211
In base 11, what is -3 + 3529?
3526
In base 2, what is -1000011111 - 11?
-1000100010
In base 15, what is -3 + 2d?
2a
In base 7, what is 1 - -405?
406
In base 3, what is 11002 + 11?
11020
In base 11, what is -337 + 1?
-336
In base 8, what is 0 + -152?
-152
In base 6, what is 4 + 22?
30
In base 3, what is -1 - -100120?
100112
In base 8, what is -6 + -3462?
-3470
In base 3, what is -10 + 20200?
20120
In base 9, what is 73 - 0?
73
In base 7, what is -1220 + -2?
-1222
In base 3, what is -110102 + 1?
-110101
In base 9, what is -5 + 36?
31
